{"id":33,"date":"2023-05-29T15:29:11","date_gmt":"2023-05-29T14:29:11","guid":{"rendered":"https:\/\/sneaku.000webhostapp.com\/?page_id=33"},"modified":"2023-06-29T22:14:12","modified_gmt":"2023-06-29T20:14:12","slug":"chaussures-sports-collectifs","status":"publish","type":"page","link":"https:\/\/sneaku.online\/?page_id=33","title":{"rendered":"Chaussures Sports Collectifs"},"content":{"rendered":"\n<div style=\"height:30px\" aria-hidden=\"true\" class=\"wp-block-spacer\"><\/div>\n\n\n\n<div class=\"wp-block-columns alignfull ticss-c9745dc3 has-background is-layout-flex wp-container-core-columns-is-layout-9d6595d7 wp-block-columns-is-layout-flex\" style=\"background-color:#ddddddde\">\n<div class=\"wp-block-column is-layout-flow wp-block-column-is-layout-flow\" style=\"flex-basis:66.66%\">\n<p>Besoin d&#8217;aide pour trouver la chaussure id\u00e9ale ? <\/p>\n\n\n\n<p class=\"has-text-align-left\">Sneak U vous propose une \u00e9tude personnalis\u00e9e !<\/p>\n<\/div>\n\n\n\n<div class=\"wp-block-column is-vertically-aligned-center is-layout-flow wp-block-column-is-layout-flow\" style=\"flex-basis:33.33%\">\n<div class=\"wp-block-buttons is-layout-flex wp-block-buttons-is-layout-flex\">\n<div class=\"wp-block-button\"><a class=\"wp-block-button__link wp-element-button\" style=\"border-radius:0px\">Trouver chaussure \u00e0 mon pied<\/a><\/div>\n<\/div>\n<\/div>\n<\/div>\n\n\n\n<div class=\"wp-block-group alignfull\"><div class=\"wp-block-group__inner-container is-layout-constrained wp-block-group-is-layout-constrained\">\n<div class=\"wp-block-group alignfull is-vertical is-layout-flex wp-container-core-group-is-layout-8cf370e7 wp-block-group-is-layout-flex\">\n<div class=\"wp-block-columns alignfull is-layout-flex wp-container-core-columns-is-layout-9d6595d7 wp-block-columns-is-layout-flex\">\n<div class=\"wp-block-column is-vertically-aligned-center is-layout-flow wp-block-column-is-layout-flow\">\n<figure class=\"wp-block-image size-full is-resized img-shoes\"><img loading=\"lazy\" decoding=\"async\" src=\"https:\/\/sneaku.online\/wp-content\/uploads\/2023\/06\/chaussure-foot-adidas-x-162-fg-sp17.jpg\" alt=\"\" class=\"wp-image-690\" width=\"200\" height=\"200\" srcset=\"https:\/\/sneaku.online\/wp-content\/uploads\/2023\/06\/chaussure-foot-adidas-x-162-fg-sp17.jpg 800w, https:\/\/sneaku.online\/wp-content\/uploads\/2023\/06\/chaussure-foot-adidas-x-162-fg-sp17-300x300.jpg 300w, https:\/\/sneaku.online\/wp-content\/uploads\/2023\/06\/chaussure-foot-adidas-x-162-fg-sp17-100x100.jpg 100w, https:\/\/sneaku.online\/wp-content\/uploads\/2023\/06\/chaussure-foot-adidas-x-162-fg-sp17-600x600.jpg 600w, https:\/\/sneaku.online\/wp-content\/uploads\/2023\/06\/chaussure-foot-adidas-x-162-fg-sp17-150x150.jpg 150w, https:\/\/sneaku.online\/wp-content\/uploads\/2023\/06\/chaussure-foot-adidas-x-162-fg-sp17-768x768.jpg 768w\" sizes=\"auto, (max-width: 200px) 100vw, 200px\" \/><\/figure>\n\n\n\n<p class=\"has-text-align-center bottom-img\">Nike &#8211; 1254 <\/p>\n<\/div>\n\n\n\n<div class=\"wp-block-column is-vertically-aligned-center is-layout-flow wp-block-column-is-layout-flow\">\n<figure class=\"wp-block-image size-large is-resized img-shoes\"><img loading=\"lazy\" decoding=\"async\" src=\"https:\/\/sneaku.online\/wp-content\/uploads\/2023\/06\/nike_dv2417-405_0000-1024x1024.jpg\" alt=\"\" class=\"wp-image-691\" width=\"200\" height=\"200\" srcset=\"https:\/\/sneaku.online\/wp-content\/uploads\/2023\/06\/nike_dv2417-405_0000-1024x1024.jpg 1024w, https:\/\/sneaku.online\/wp-content\/uploads\/2023\/06\/nike_dv2417-405_0000-300x300.jpg 300w, https:\/\/sneaku.online\/wp-content\/uploads\/2023\/06\/nike_dv2417-405_0000-100x100.jpg 100w, https:\/\/sneaku.online\/wp-content\/uploads\/2023\/06\/nike_dv2417-405_0000-600x600.jpg 600w, https:\/\/sneaku.online\/wp-content\/uploads\/2023\/06\/nike_dv2417-405_0000-150x150.jpg 150w, https:\/\/sneaku.online\/wp-content\/uploads\/2023\/06\/nike_dv2417-405_0000-768x768.jpg 768w, https:\/\/sneaku.online\/wp-content\/uploads\/2023\/06\/nike_dv2417-405_0000-1536x1536.jpg 1536w, https:\/\/sneaku.online\/wp-content\/uploads\/2023\/06\/nike_dv2417-405_0000.jpg 1800w\" sizes=\"auto, (max-width: 200px) 100vw, 200px\" \/><\/figure>\n\n\n\n<p class=\"has-text-align-center bottom-img\">Nike &#8211; 1254 100\u20ac<\/p>\n<\/div>\n\n\n\n<div class=\"wp-block-column is-vertically-aligned-center is-layout-flow wp-block-column-is-layout-flow\">\n<figure class=\"wp-block-image size-full is-resized img-shoes\"><img loading=\"lazy\" decoding=\"async\" src=\"https:\/\/sneaku.online\/wp-content\/uploads\/2023\/06\/adidas-adizero-select-mint-ie9263.jpg\" alt=\"\" class=\"wp-image-692\" width=\"200\" height=\"200\" srcset=\"https:\/\/sneaku.online\/wp-content\/uploads\/2023\/06\/adidas-adizero-select-mint-ie9263.jpg 350w, https:\/\/sneaku.online\/wp-content\/uploads\/2023\/06\/adidas-adizero-select-mint-ie9263-300x300.jpg 300w, https:\/\/sneaku.online\/wp-content\/uploads\/2023\/06\/adidas-adizero-select-mint-ie9263-100x100.jpg 100w, https:\/\/sneaku.online\/wp-content\/uploads\/2023\/06\/adidas-adizero-select-mint-ie9263-150x150.jpg 150w\" sizes=\"auto, (max-width: 200px) 100vw, 200px\" \/><\/figure>\n\n\n\n<p class=\"has-text-align-center bottom-img\">Nike &#8211; 1254 100\u20ac<\/p>\n<\/div>\n<\/div>\n\n\n\n<div class=\"wp-block-columns alignfull is-layout-flex wp-container-core-columns-is-layout-9d6595d7 wp-block-columns-is-layout-flex\">\n<div class=\"wp-block-column is-vertically-aligned-center is-layout-flow wp-block-column-is-layout-flow\">\n<figure class=\"wp-block-image size-full is-resized img-shoes\"><img loading=\"lazy\" decoding=\"async\" src=\"https:\/\/sneaku.online\/wp-content\/uploads\/2023\/06\/asics-gel-nimbus-24-chaussures-running-400x400x90xX.jpg\" alt=\"\" class=\"wp-image-697\" width=\"200\" height=\"200\" srcset=\"https:\/\/sneaku.online\/wp-content\/uploads\/2023\/06\/asics-gel-nimbus-24-chaussures-running-400x400x90xX.jpg 400w, https:\/\/sneaku.online\/wp-content\/uploads\/2023\/06\/asics-gel-nimbus-24-chaussures-running-400x400x90xX-300x300.jpg 300w, https:\/\/sneaku.online\/wp-content\/uploads\/2023\/06\/asics-gel-nimbus-24-chaussures-running-400x400x90xX-100x100.jpg 100w, https:\/\/sneaku.online\/wp-content\/uploads\/2023\/06\/asics-gel-nimbus-24-chaussures-running-400x400x90xX-150x150.jpg 150w\" sizes=\"auto, (max-width: 200px) 100vw, 200px\" \/><\/figure>\n\n\n\n<p class=\"has-text-align-center bottom-img\">Nike &#8211; 1254 100\u20ac<\/p>\n<\/div>\n\n\n\n<div class=\"wp-block-column is-vertically-aligned-center is-layout-flow wp-block-column-is-layout-flow\">\n<figure class=\"wp-block-image size-large is-resized img-shoes\"><img loading=\"lazy\" decoding=\"async\" src=\"https:\/\/sneaku.online\/wp-content\/uploads\/2023\/06\/zoom-hyperace-2-womens-volleyball-shoe-klrjdk-2063_1_1-1024x1024.jpg\" alt=\"\" class=\"wp-image-695\" width=\"200\" height=\"200\" srcset=\"https:\/\/sneaku.online\/wp-content\/uploads\/2023\/06\/zoom-hyperace-2-womens-volleyball-shoe-klrjdk-2063_1_1-1024x1024.jpg 1024w, https:\/\/sneaku.online\/wp-content\/uploads\/2023\/06\/zoom-hyperace-2-womens-volleyball-shoe-klrjdk-2063_1_1-300x300.jpg 300w, https:\/\/sneaku.online\/wp-content\/uploads\/2023\/06\/zoom-hyperace-2-womens-volleyball-shoe-klrjdk-2063_1_1-100x100.jpg 100w, https:\/\/sneaku.online\/wp-content\/uploads\/2023\/06\/zoom-hyperace-2-womens-volleyball-shoe-klrjdk-2063_1_1-600x600.jpg 600w, https:\/\/sneaku.online\/wp-content\/uploads\/2023\/06\/zoom-hyperace-2-womens-volleyball-shoe-klrjdk-2063_1_1-150x150.jpg 150w, https:\/\/sneaku.online\/wp-content\/uploads\/2023\/06\/zoom-hyperace-2-womens-volleyball-shoe-klrjdk-2063_1_1-768x768.jpg 768w, https:\/\/sneaku.online\/wp-content\/uploads\/2023\/06\/zoom-hyperace-2-womens-volleyball-shoe-klrjdk-2063_1_1-1536x1536.jpg 1536w, https:\/\/sneaku.online\/wp-content\/uploads\/2023\/06\/zoom-hyperace-2-womens-volleyball-shoe-klrjdk-2063_1_1.jpg 1800w\" sizes=\"auto, (max-width: 200px) 100vw, 200px\" \/><\/figure>\n\n\n\n<p class=\"has-text-align-center bottom-img\">Nike &#8211; 1254 100\u20ac<\/p>\n<\/div>\n\n\n\n<div class=\"wp-block-column is-layout-flow wp-block-column-is-layout-flow\">\n<figure class=\"wp-block-image size-full is-resized\"><img loading=\"lazy\" decoding=\"async\" src=\"https:\/\/sneaku.online\/wp-content\/uploads\/2023\/06\/Chaussures-de-Handball-Adulte-CHAUSSURES-ADIDAS-STABIL-BLANC.jpg\" alt=\"\" class=\"wp-image-696\" width=\"200\" height=\"200\" srcset=\"https:\/\/sneaku.online\/wp-content\/uploads\/2023\/06\/Chaussures-de-Handball-Adulte-CHAUSSURES-ADIDAS-STABIL-BLANC.jpg 250w, https:\/\/sneaku.online\/wp-content\/uploads\/2023\/06\/Chaussures-de-Handball-Adulte-CHAUSSURES-ADIDAS-STABIL-BLANC-100x100.jpg 100w, https:\/\/sneaku.online\/wp-content\/uploads\/2023\/06\/Chaussures-de-Handball-Adulte-CHAUSSURES-ADIDAS-STABIL-BLANC-150x150.jpg 150w\" sizes=\"auto, (max-width: 200px) 100vw, 200px\" \/><\/figure>\n\n\n\n<p class=\"has-text-align-center\">Nike &#8211; 1254 100\u20ac<\/p>\n<\/div>\n<\/div>\n<\/div>\n<\/div><\/div>\n\n\n\n<div style=\"height:100px\" aria-hidden=\"true\" class=\"wp-block-spacer\"><\/div>\n\n\n\n<p>Notre s\u00e9lection de <strong>chaussures<\/strong> pour sports collectifs met en vedette trois des marques les plus respect\u00e9es du monde sportif : Nike, Adidas et Asics. Chaque marque apporte sa propre expertise, innovation et style unique, garantissant une vari\u00e9t\u00e9 de choix pour r\u00e9pondre aux besoins sp\u00e9cifiques des athl\u00e8tes.<\/p>\n\n\n\n<div style=\"height:30px\" aria-hidden=\"true\" class=\"wp-block-spacer\"><\/div>\n\n\n\n<p>Les <strong>chaussures<\/strong> Nike sont r\u00e9put\u00e9es pour leur conception innovante, alliant l\u00e9g\u00e8ret\u00e9, durabilit\u00e9 et un amorti de pointe pour une performance optimale sur le terrain. Les mod\u00e8les Adidas, avec leur embl\u00e9matique technologie Boost, offrent un retour d&#8217;\u00e9nergie exceptionnel pour des mouvements rapides et pr\u00e9cis, tout en assurant un confort sup\u00e9rieur. Les <strong>chaussures<\/strong> Asics, quant \u00e0 elles, sont appr\u00e9ci\u00e9es pour leur ajustement parfait et leur soutien fiable, am\u00e9liorant la stabilit\u00e9 lors des mouvements lat\u00e9raux rapides.<\/p>\n\n\n\n<div style=\"height:20px\" aria-hidden=\"true\" class=\"wp-block-spacer\"><\/div>\n\n\n\n<p>Que vous pr\u00e9f\u00e9riez la coupe a\u00e9rodynamique et le confort douillet de Nike, le soutien dynamique et l&#8217;\u00e9nergie r\u00e9active d&#8217;Adidas, ou le soutien fiable et l&#8217;ajustement personnalis\u00e9 d&#8217;Asics, notre s\u00e9lection de <strong>chaussures<\/strong> pour sports collectifs a quelque chose \u00e0 offrir \u00e0 chaque athl\u00e8te.<\/p>\n\n\n\n<div style=\"height:100px\" aria-hidden=\"true\" class=\"wp-block-spacer\"><\/div>\n\n\n\n<div class=\"wp-block-cover aligncenter is-light\"><span aria-hidden=\"true\" class=\"wp-block-cover__background has-background-dim-40 has-background-dim\"><\/span><img loading=\"lazy\" decoding=\"async\" width=\"1920\" height=\"2560\" class=\"wp-block-cover__image-background wp-image-689\" alt=\"\" src=\"https:\/\/sneaku.online\/wp-content\/uploads\/2023\/06\/pexels-anouar-olh-17486761-scaled.jpg\" data-object-fit=\"cover\" srcset=\"https:\/\/sneaku.online\/wp-content\/uploads\/2023\/06\/pexels-anouar-olh-17486761-scaled.jpg 1920w, https:\/\/sneaku.online\/wp-content\/uploads\/2023\/06\/pexels-anouar-olh-17486761-scaled-600x800.jpg 600w, https:\/\/sneaku.online\/wp-content\/uploads\/2023\/06\/pexels-anouar-olh-17486761-225x300.jpg 225w, https:\/\/sneaku.online\/wp-content\/uploads\/2023\/06\/pexels-anouar-olh-17486761-768x1024.jpg 768w, https:\/\/sneaku.online\/wp-content\/uploads\/2023\/06\/pexels-anouar-olh-17486761-1152x1536.jpg 1152w, https:\/\/sneaku.online\/wp-content\/uploads\/2023\/06\/pexels-anouar-olh-17486761-1536x2048.jpg 1536w\" sizes=\"auto, (max-width: 1920px) 100vw, 1920px\" \/><div class=\"wp-block-cover__inner-container is-layout-flow wp-block-cover-is-layout-flow\">\n<div style=\"height:20px\" aria-hidden=\"true\" class=\"wp-block-spacer\"><\/div>\n\n\n\n<p class=\"has-text-align-center has-white-color has-text-color has-medium-font-size\">Explorez notre gamme vari\u00e9e et d\u00e9couvrez la paire qui am\u00e9liorera votre performance sur le terrain et vous aidera \u00e0 dominer votre sport. Notre mission est de vous aider \u00e0 trouver la chaussure qui correspond parfaitement \u00e0 votre style de jeu, \u00e0 vos pr\u00e9f\u00e9rences et \u00e0 vos exigences en mati\u00e8re de performance.<\/p>\n<\/div><\/div>\n\n\n\n<div style=\"height:50px\" aria-hidden=\"true\" class=\"wp-block-spacer\"><\/div>\n","protected":false},"excerpt":{"rendered":"<p>Besoin d&#8217;aide pour trouver la chaussure id\u00e9ale ? Sneak U vous propose une \u00e9tude personnalis\u00e9e ! Nike &#8211; 1254 Nike &#8211; 1254 100\u20ac Nike &#8211; 1254 100\u20ac Nike &#8211; 1254 100\u20ac Nike &#8211; 1254 100\u20ac Nike &#8211; 1254 100\u20ac Notre s\u00e9lection de chaussures pour sports collectifs met en vedette trois des marques les plus respect\u00e9es [&hellip;]<\/p>\n","protected":false},"author":1,"featured_media":0,"parent":0,"menu_order":0,"comment_status":"closed","ping_status":"closed","template":"","meta":{"_uag_custom_page_level_css":"","_mi_skip_tracking":false,"_monsterinsights_sitenote_active":false,"_monsterinsights_sitenote_note":"","_monsterinsights_sitenote_category":0,"footnotes":""},"class_list":["post-33","page","type-page","status-publish","hentry","entry","owp-thumbs-layout-horizontal","owp-btn-normal","owp-tabs-layout-horizontal","has-no-thumbnails","has-product-nav"],"yoast_head":"<!-- This site is optimized with the Yoast SEO plugin v20.10 - https:\/\/yoast.com\/wordpress\/plugins\/seo\/ -->\n<title>Chaussures Sports Collectifs - Sneak U<\/title>\n<meta name=\"robots\" content=\"index, follow, max-snippet:-1, max-image-preview:large, max-video-preview:-1\" \/>\n<link rel=\"canonical\" href=\"https:\/\/sneaku.online\/?page_id=33\" \/>\n<meta property=\"og:locale\" content=\"en_GB\" \/>\n<meta property=\"og:type\" content=\"article\" \/>\n<meta property=\"og:title\" content=\"Chaussures Sports Collectifs - Sneak U\" \/>\n<meta property=\"og:description\" content=\"Besoin d&#8217;aide pour trouver la chaussure id\u00e9ale ? Sneak U vous propose une \u00e9tude personnalis\u00e9e ! Nike &#8211; 1254 Nike &#8211; 1254 100\u20ac Nike &#8211; 1254 100\u20ac Nike &#8211; 1254 100\u20ac Nike &#8211; 1254 100\u20ac Nike &#8211; 1254 100\u20ac Notre s\u00e9lection de chaussures pour sports collectifs met en vedette trois des marques les plus respect\u00e9es [&hellip;]\" \/>\n<meta property=\"og:url\" content=\"https:\/\/sneaku.online\/?page_id=33\" \/>\n<meta property=\"og:site_name\" content=\"Sneak U\" \/>\n<meta property=\"article:publisher\" content=\"https:\/\/www.facebook.com\/profile.php?id=100093692063251\" \/>\n<meta property=\"article:modified_time\" content=\"2023-06-29T20:14:12+00:00\" \/>\n<meta property=\"og:image\" content=\"https:\/\/sneaku.online\/wp-content\/uploads\/2023\/06\/chaussure-foot-adidas-x-162-fg-sp17.jpg\" \/>\n<meta name=\"twitter:card\" content=\"summary_large_image\" \/>\n<meta name=\"twitter:label1\" content=\"Estimated reading time\" \/>\n\t<meta name=\"twitter:data1\" content=\"1 minute\" \/>\n<script type=\"application\/ld+json\" class=\"yoast-schema-graph\">{\"@context\":\"https:\/\/schema.org\",\"@graph\":[{\"@type\":\"WebPage\",\"@id\":\"https:\/\/sneaku.online\/?page_id=33\",\"url\":\"https:\/\/sneaku.online\/?page_id=33\",\"name\":\"Chaussures Sports Collectifs - Sneak U\",\"isPartOf\":{\"@id\":\"https:\/\/sneaku.online\/#website\"},\"datePublished\":\"2023-05-29T14:29:11+00:00\",\"dateModified\":\"2023-06-29T20:14:12+00:00\",\"breadcrumb\":{\"@id\":\"https:\/\/sneaku.online\/?page_id=33#breadcrumb\"},\"inLanguage\":\"en-GB\",\"potentialAction\":[{\"@type\":\"ReadAction\",\"target\":[\"https:\/\/sneaku.online\/?page_id=33\"]}]},{\"@type\":\"BreadcrumbList\",\"@id\":\"https:\/\/sneaku.online\/?page_id=33#breadcrumb\",\"itemListElement\":[{\"@type\":\"ListItem\",\"position\":1,\"name\":\"Home\",\"item\":\"https:\/\/sneaku.online\/\"},{\"@type\":\"ListItem\",\"position\":2,\"name\":\"Chaussures Sports Collectifs\"}]},{\"@type\":\"WebSite\",\"@id\":\"https:\/\/sneaku.online\/#website\",\"url\":\"https:\/\/sneaku.online\/\",\"name\":\"Sneak U\",\"description\":\"Le choix des champions, la puissance des sportifs\",\"publisher\":{\"@id\":\"https:\/\/sneaku.online\/#organization\"},\"potentialAction\":[{\"@type\":\"SearchAction\",\"target\":{\"@type\":\"EntryPoint\",\"urlTemplate\":\"https:\/\/sneaku.online\/?s={search_term_string}\"},\"query-input\":\"required name=search_term_string\"}],\"inLanguage\":\"en-GB\"},{\"@type\":\"Organization\",\"@id\":\"https:\/\/sneaku.online\/#organization\",\"name\":\"Sneak U\",\"url\":\"https:\/\/sneaku.online\/\",\"logo\":{\"@type\":\"ImageObject\",\"inLanguage\":\"en-GB\",\"@id\":\"https:\/\/sneaku.online\/#\/schema\/logo\/image\/\",\"url\":\"https:\/\/sneaku.online\/wp-content\/uploads\/2023\/06\/cropped-Jetez-un-oeil-a-mon-design-Canva-.jpg\",\"contentUrl\":\"https:\/\/sneaku.online\/wp-content\/uploads\/2023\/06\/cropped-Jetez-un-oeil-a-mon-design-Canva-.jpg\",\"width\":56,\"height\":51,\"caption\":\"Sneak U\"},\"image\":{\"@id\":\"https:\/\/sneaku.online\/#\/schema\/logo\/image\/\"},\"sameAs\":[\"https:\/\/www.facebook.com\/profile.php?id=100093692063251\",\"https:\/\/instagram.com\/sneak_u_lyon?igshid=ZDc4ODBmNjlmNQ==\"]}]}<\/script>\n<!-- \/ Yoast SEO plugin. -->","yoast_head_json":{"title":"Chaussures Sports Collectifs - Sneak U","robots":{"index":"index","follow":"follow","max-snippet":"max-snippet:-1","max-image-preview":"max-image-preview:large","max-video-preview":"max-video-preview:-1"},"canonical":"https:\/\/sneaku.online\/?page_id=33","og_locale":"en_GB","og_type":"article","og_title":"Chaussures Sports Collectifs - Sneak U","og_description":"Besoin d&#8217;aide pour trouver la chaussure id\u00e9ale ? Sneak U vous propose une \u00e9tude personnalis\u00e9e ! Nike &#8211; 1254 Nike &#8211; 1254 100\u20ac Nike &#8211; 1254 100\u20ac Nike &#8211; 1254 100\u20ac Nike &#8211; 1254 100\u20ac Nike &#8211; 1254 100\u20ac Notre s\u00e9lection de chaussures pour sports collectifs met en vedette trois des marques les plus respect\u00e9es [&hellip;]","og_url":"https:\/\/sneaku.online\/?page_id=33","og_site_name":"Sneak U","article_publisher":"https:\/\/www.facebook.com\/profile.php?id=100093692063251","article_modified_time":"2023-06-29T20:14:12+00:00","og_image":[{"url":"https:\/\/sneaku.online\/wp-content\/uploads\/2023\/06\/chaussure-foot-adidas-x-162-fg-sp17.jpg"}],"twitter_card":"summary_large_image","twitter_misc":{"Estimated reading time":"1 minute"},"schema":{"@context":"https:\/\/schema.org","@graph":[{"@type":"WebPage","@id":"https:\/\/sneaku.online\/?page_id=33","url":"https:\/\/sneaku.online\/?page_id=33","name":"Chaussures Sports Collectifs - Sneak U","isPartOf":{"@id":"https:\/\/sneaku.online\/#website"},"datePublished":"2023-05-29T14:29:11+00:00","dateModified":"2023-06-29T20:14:12+00:00","breadcrumb":{"@id":"https:\/\/sneaku.online\/?page_id=33#breadcrumb"},"inLanguage":"en-GB","potentialAction":[{"@type":"ReadAction","target":["https:\/\/sneaku.online\/?page_id=33"]}]},{"@type":"BreadcrumbList","@id":"https:\/\/sneaku.online\/?page_id=33#breadcrumb","itemListElement":[{"@type":"ListItem","position":1,"name":"Home","item":"https:\/\/sneaku.online\/"},{"@type":"ListItem","position":2,"name":"Chaussures Sports Collectifs"}]},{"@type":"WebSite","@id":"https:\/\/sneaku.online\/#website","url":"https:\/\/sneaku.online\/","name":"Sneak U","description":"Le choix des champions, la puissance des sportifs","publisher":{"@id":"https:\/\/sneaku.online\/#organization"},"potentialAction":[{"@type":"SearchAction","target":{"@type":"EntryPoint","urlTemplate":"https:\/\/sneaku.online\/?s={search_term_string}"},"query-input":"required name=search_term_string"}],"inLanguage":"en-GB"},{"@type":"Organization","@id":"https:\/\/sneaku.online\/#organization","name":"Sneak U","url":"https:\/\/sneaku.online\/","logo":{"@type":"ImageObject","inLanguage":"en-GB","@id":"https:\/\/sneaku.online\/#\/schema\/logo\/image\/","url":"https:\/\/sneaku.online\/wp-content\/uploads\/2023\/06\/cropped-Jetez-un-oeil-a-mon-design-Canva-.jpg","contentUrl":"https:\/\/sneaku.online\/wp-content\/uploads\/2023\/06\/cropped-Jetez-un-oeil-a-mon-design-Canva-.jpg","width":56,"height":51,"caption":"Sneak U"},"image":{"@id":"https:\/\/sneaku.online\/#\/schema\/logo\/image\/"},"sameAs":["https:\/\/www.facebook.com\/profile.php?id=100093692063251","https:\/\/instagram.com\/sneak_u_lyon?igshid=ZDc4ODBmNjlmNQ=="]}]}},"uagb_featured_image_src":{"full":false,"thumbnail":false,"medium":false,"medium_large":false,"large":false,"1536x1536":false,"2048x2048":false,"ocean-thumb-m":false,"ocean-thumb-ml":false,"ocean-thumb-l":false,"woocommerce_thumbnail":false,"woocommerce_single":false,"woocommerce_gallery_thumbnail":false},"uagb_author_info":{"display_name":"cliofloch","author_link":"https:\/\/sneaku.online\/?author=1"},"uagb_comment_info":0,"uagb_excerpt":"Besoin d&#8217;aide pour trouver la chaussure id\u00e9ale ? Sneak U vous propose une \u00e9tude personnalis\u00e9e ! Nike &#8211; 1254 Nike &#8211; 1254 100\u20ac Nike &#8211; 1254 100\u20ac Nike &#8211; 1254 100\u20ac Nike &#8211; 1254 100\u20ac Nike &#8211; 1254 100\u20ac Notre s\u00e9lection de chaussures pour sports collectifs met en vedette trois des marques les plus respect\u00e9es&hellip;","_links":{"self":[{"href":"https:\/\/sneaku.online\/index.php?rest_route=\/wp\/v2\/pages\/33","targetHints":{"allow":["GET"]}}],"collection":[{"href":"https:\/\/sneaku.online\/index.php?rest_route=\/wp\/v2\/pages"}],"about":[{"href":"https:\/\/sneaku.online\/index.php?rest_route=\/wp\/v2\/types\/page"}],"author":[{"embeddable":true,"href":"https:\/\/sneaku.online\/index.php?rest_route=\/wp\/v2\/users\/1"}],"replies":[{"embeddable":true,"href":"https:\/\/sneaku.online\/index.php?rest_route=%2Fwp%2Fv2%2Fcomments&post=33"}],"version-history":[{"count":16,"href":"https:\/\/sneaku.online\/index.php?rest_route=\/wp\/v2\/pages\/33\/revisions"}],"predecessor-version":[{"id":699,"href":"https:\/\/sneaku.online\/index.php?rest_route=\/wp\/v2\/pages\/33\/revisions\/699"}],"wp:attachment":[{"href":"https:\/\/sneaku.online\/index.php?rest_route=%2Fwp%2Fv2%2Fmedia&parent=33"}],"curies":[{"name":"wp","href":"https:\/\/api.w.org\/{rel}","templated":true}]}}